*d - 1. Let b be f(-1). Let m be (10/(-4))/(b/2). Let w be ((-5)/4)/(m/(-20)). Calculate the highest common divisor of w and 1.
1
Suppose -5*v - 4*g = g + 10, 4*v = 4*g + 32. Suppose -7*o + v*o + 33 = 3*j, j - 4*o = 27. What is the greatest common divisor of 135 and j?
15
Suppose 3 - 36 = -z. Suppose -z = -11*x + 8*x. Let a(p) = -29*p + 1. Let s be a(-3). Calculate the greatest common divisor of x and s.
11
Let w be 3/(-7) + 52/7. Suppose -w*s + 46 = -31. Calculate the highest common divisor of s and 44.
11
Suppose -r = 2*y - 80, 2 = y + 7. Let k = -88 + r. What is the greatest common factor of 32 and k?
2
Let b(o) = 6*o**2 - 2*o - 9 - 1 - o**3 + 1. Let y be b(4). Let p be (-5)/y + 50/6. What is the highest common divisor of p and 72?
8
Suppose 5*t + 10 = -3*h, -2*h - 5 = 4*t + t. Let y = 27 + h. Suppose 2*m + 3*j - y - 13 = 0, 4*m + 2*j = 82. What is the highest common divisor of m and 110?
22
Let y(l) = 2*l**2 + 8*l - 17. Let c be y(3). What is the highest common divisor of c and 800?
25
Suppose 2*z = 3*q - 40, -5*q + q - 5*z = -38. What is the greatest common factor of q and 30?
6
Let t = 6 + 20. Let j(d) = 34*d**2 + 3*d. Let u = 5 - 7. Let r be j(u). Calculate the highest common factor of r and t.
26
Let h = 20 + -26. Let p be (40/h)/((-3)/72 + 0). Calculate the greatest common divisor of p and 20.
20
Let y be 304/(-24)*(-3)/2. Let t = y - 11. Let x(h) = -h**3 + 9*h**2 - 6*h. Let s be x(7). What is the greatest common divisor of s and t?
8
Let i = 1110 - 505. Suppose -i = -13*b + 2*b. Calculate the greatest common divisor of b and 33.
11
Let o be 1 - 3 - 24/(-3). What is the greatest common divisor of o and 33?
3
Suppose -25 = -s - 4*s. Suppose -2 = 6*x - 5*x, -s*f + 662 = -x. Suppose 0 = o + 8 - 20. What is the highest common divisor of o and f?
12
Let f be 16 - 182/13 - (-2869 + 2). What is the greatest common divisor of f and 302?
151
Let j(t) = -2*t**3 - 6*t**2 - 10*t - 12. Let n be j(-6). Calculate the greatest common divisor of 12 and n.
12
Let w(n) = -n**3 + 4*n**2 + 6*n - 5. Let g be w(5). Let v = g + 3. Suppose 222 + 114 = v*k. What is the greatest common factor of k and 14?
14
Suppose -j + 23*q = 22*q - 174, -q + 502 = 3*j. Calculate the highest common factor of 26 and j.
13
Let o(s) = -18*s**3 - 4*s**2 + 4*s - 1 + 48*s**3 + 2*s**2. Let n be o(1). What is the highest common divisor of 341 and n?
31
Let i(f) = -f**3 + 6*f**2 - 5*f - 4. Let r be i(4). Let l = r - -52. Calculate the greatest common factor of l and 6.
6
Let u(w) = w**3 - 18*w**2 + 86*w - 18. Let r be u(8). Calculate the greatest common factor of 75 and r.
15
Let s(y) = -5*y - 13. Let a be s(6). Let k = 87 + a. What is the highest common factor of k and 11?
11
Let x = -6 + -1. Let y be 4560/35 - (-2)/x. Calculate the greatest common factor of y and 13.
13
Let w = -65 - -165. Suppose 20 = 5*a - 5. Suppose -4*v - 125 = -a*l - 7*v, -5*l + 4*v = -125. Calculate the greatest common factor of w and l.
25
Let s be -12*(8/6 - (-24 + 27)). Calculate the greatest common divisor of s and 95.
5
Suppose 3*x - 190 = -34. Let j = 9 - 5. Suppose 275 = j*q + 5*w - 230, 5*q - 641 = -3*w. What is the highest common divisor of x and q?
26
Suppose 4*n + 6 = a - 18, 3*a - 2*n = 52. Suppose -2*j + 2*g = 82, -5*j + 3*g - 3 - 208 = 0. Let c = -4 - j. Calculate the greatest common factor of a and c.
8
Let t be (-319)/(-44) - 2/8. Suppose t*c - 8*c = -128. Calculate the greatest common divisor of c and 16.
16
Suppose 2*p - 36 = -4*w, 3*w - 27*p = -30*p + 30. Calculate the highest common factor of 232 and w.
8
Let g(t) = 238*t + 97. Let o be g(1). Calculate the greatest common divisor of 5 and o.
5
Let t(v) = 3*v**2 - 16*v - 11. Let q be t(6). Calculate the greatest common factor of 89 and q.
1
Let o(k) = k**2 - 3*k. Let q be o(3). Let h be (-9 + 1 + q)/(-1). Let i(t) = -t**2 + 8*t + 6. Let n be i(h). What is the highest common divisor of 6 and n?
6
Suppose 24*j - 12517 = -3133. What is the greatest common factor of j and 17?
17
Let u(p) = -33*p + 6. Let k be u(2). Let y = k + 66. What is the greatest common divisor of y and 48?
6
Let m(c) = -c**3 + 2*c**2 - 5*c - 12. Let f be m(5). Let s be 32/f - (-228)/14. What is the highest common divisor of 128 and s?
16
Let q be ((-1980)/(-24))/(-33)*68/(-10). What is the greatest common divisor of q and 34?
17
Let r be -30*(-3)/(1 - (-28)/(-35)). Calculate the greatest common factor of r and 135.
45
Let t be (35/(-3) - -3)*-3. Let p = 33 - t. Suppose -2*y + 25 = -3*z, 2*z - 16 = 5*y - 84. Calculate the greatest common factor of p and y.
7
Let n be 35 - (-25)/10*2. What is the highest common divisor of n and 520?
40
Let m = 1275 - 1179. What is the highest common factor of 16 and m?
16
Let c(z) = -z**3 - 10*z**2 - 13*z + 5. Let r be c(-10). Calculate the highest common factor of r and 10.
5
Let o(l) = 2*l + 36. Let j be -2 + -123*4/(-12). Let z = j + -39. Let m be o(z). What is the greatest common factor of m and 36?
36
Let u(p) = -2*p**2 + 10*p. Let j be u(6). Let l be j/(-54) + 1130/18. Calculate the greatest common factor of 21 and l.
21
Let a(p) = -8*p - 12. Let n be a(-8). Suppose -3*r - 5*q = -80, -6*r + 3*r = -2*q - n. What is the greatest common divisor of r and 50?
10
Let k be 62 - ((-14)/10 + (-4)/(-10)). Suppose b - 4*v - 27 = 0, -b - b + 2*v = -24. What is the highest common factor of b and k?
7
Let s be (4 - 22)*1*-1. Suppose 21*j + 4*j - 1800 = 0. What is the greatest common factor of s and j?
18
Let i = -12 - -26. Suppose 7*f - 1007 = -321. What is the greatest common factor of f and i?
14
Suppose -2*q = 3*q - 20. Let x = 7 - q. Suppose x*t = -2 + 11. Calculate the highest common divisor of t and 3.
3
Let z = 1 - -1. Suppose k = -z*k. Suppose k = 5*n - 2*q + q - 20, -5*n - q + 20 = 0. What is the highest common factor of 44 and n?
4
Let y = 3 - -1. Suppose 5*q - y*q = 32. Let a be 148/666 + (-718)/(-9). What is the greatest common factor of a and q?
16
Let p(z) = -17*z - 3. Suppose 3*b - a = -5, -b - 2*b = -2*a + 1. Let i be p(b). What is the highest common divisor of 24 and i?
24
Let t(p) = -p**3 + 26*p**2 + 28*p - 9. Let a be t(27). What is the greatest common divisor of a and 3?
3
Let f be 166/(-6)*(-2)/10*15. Calculate the highest common factor of f and 1577.
83
Let l(z) = z**3 - 5*z**2 + 2*z + 4. Let o be l(4). Let i be 30/(o/12*-2). Suppose d - i = -4*d. Calculate the highest common divisor of d and 27.
9
Let u(x) be the first derivative of -3/2*x**2 + 12 + 2*x. Let k be u(-4). Calculate the highest common factor of 56 and k.
14
Let o(c) = -12 + 3*c + 13 + 4*c + 0*c. Suppose -n = 4*n - 5. Let z be o(n). What is the highest common factor of z and 56?
8
Let f(m) = -m**3 + 6*m**2 + 9*m - 5. Let v be f(7). Suppose 17*p - 14*p = v. Calculate the highest common factor of p and 24.
3
Let r be (-4)/(-28) + (-841)/7. Let u = 170 + r. Calculate the greatest common factor of 10 and u.
10
Let o(i) = -i - 12. Let v be o(-8). Let l be 11 - (2 + 1) - v. What is the greatest common factor of l and 132?
12
Let m be (-3)/12 + (-135)/(-12). Suppose m*y - 36 - 195 = 0. Calculate the highest common divisor of y and 14.
7
Suppose 4*u - 76 - 16 = -4*z, -2*z = 5*u - 118. Let d(h) = 103*h + 642. Let g be d(-6). What is the greatest common divisor of u and g?
24
Let u(q) = -13*q - 90. Let p be u(-18). What is the highest common factor of 80 and p?
16
Let y be -2 + -2 + 1 - (2 - 8). Suppose -y*c - 4 = -13. Calculate the highest common divisor of 27 and c.
3
Let w be (-3 + -13 + 2)/(-1). Suppose -109 = -b + 17. Calculate the greatest common divisor of w and b.
14
Let m be 7*3*(160/(-35))/(-16). Calculate the greatest common divisor of 384 and m.
6
Suppose -21*k + 374 = k. Calculate the greatest common divisor of 221 and k.
17
Let n(q) = -44*q**3 - q**2 - 3*q - 1. Let l be n(-1). Suppose 0 = 11*w - 14*w + l. What is the greatest common factor of 10 and w?
5
Suppose -5*z + 4*s - s = -56, -4*z - 2*s + 36 = 0. Suppose -z*u = -9*u - 10. What is the greatest common factor of 15 and u?
5
Let g be 1*((56 - -2) + 1). Let y = -37 + g. What is the highest common divisor of 33 and y?
11
Suppose -5*o + 30 = -5. Suppose 32 + 80 = o*l. What is the greatest common factor of 8 and l?
8
Let j be 0 + (1 + -12 - -1). Suppose n + 16 = -3. Let b = j - n. Calculate the greatest c